, 5*f = 4*v - 28. Let t(q) = -3 + 2*q**2 + 9*q - 8*q - q**v + 1. Let w be t(-3). Calculate the greatest common factor of w and 16.
4
Suppose -17420 = -54*w + 9904. What is the greatest common factor of w and 46?
46
Let z = -41 + 5. Let m = -16 - z. Let j be (-7)/(7/(-6)) - -2. What is the highest common factor of m and j?
4
Let r be (-3)/(54/(-42))*23*3. What is the greatest common divisor of 7 and r?
7
Suppose -y + 5*s = -271, 4*y - 4*s - 71 = 1061. Calculate the highest common factor of 52 and y.
26
Let w(s) = 4*s**3 - 4*s**2 + 13*s - 13. Let n be w(2). What is the highest common divisor of 841 and n?
29
Let s = -14 - -14. Suppose s = 26*u - 25*u - 90. Calculate the greatest common divisor of 135 and u.
45
Let o(r) = 18*r + 1. Suppose -u + 5 = -4*a, 3*u - 5 = u + 3*a. Let j be o(u). What is the greatest common divisor of j and 133?
19
Let k = -15 - -39. Let g(t) = -t + 16. Let d be g(6). Suppose -14 = -4*h + d. Calculate the highest common divisor of h and k.
6
Let p(k) = -k**3 + 4*k**2 - 2*k + 6. Let i be p(4). Let u be -26 + 1 + 3 + i. Let z be 24*7/((-14)/u). Calculate the greatest common divisor of z and 32.
32
Suppose -4*u - 2*i = 48, 3*u + 23 = -i - 11. Let s = 14 + u. Suppose -8*d = -s*d - 108. What is the highest common factor of 108 and d?
27
Let g(t) = t - 1. Let a(p) = -4*p - 3. Let k(d) = -a(d) - 3*g(d). Let i be k(-8). Let n be (-595)/(-30) - i/12. What is the greatest common factor of n and 10?
10
Let q be (-803)/(-44) - 2/8. Let x = -14 + q. Let f be 282/30 + x/(-10). Calculate the highest common factor of f and 36.
9
Let b be (-24)/9*6/4. Let d(o) = -o**3 - 2*o**2 - 4*o - 2. Let j be d(b). Let r be (j/6)/(9/27). Calculate the highest common divisor of r and 184.
23
Suppose 8 = 63*t - 55*t. What is the highest common factor of t and 43?
1
Let l = -351 + 365. Let t(w) = -8*w - 3 + 0 + 7. Let z be t(-3). Calculate the highest common factor of l and z.
14
Let f(g) = 11*g**2 + 47*g - 6. Let t(c) = -5*c**2 - 23*c + 3. Let l(v) = 4*f(v) + 9*t(v). Let u be l(-18). What is the greatest common factor of 168 and u?
21
Let l = -95 - -36. Let w = l - -108. Let o = 89 - w. What is the greatest common factor of 8 and o?
8
Let t(f) = -8 + 0*f**2 - 2*f**2 + 3*f + 3*f**2. Let j be t(3). Calculate the greatest common factor of j and 10.
10
Let v(k) = -2*k**2 + 9*k - 6. Let d be v(7). Let b be (-1557)/24 + 6/(-48). Let w = d - b. What is the greatest common factor of w and 168?
24
Suppose -2509 = -13*w + 2639. What is the highest common factor of 495 and w?
99
Let w(o) = o - 2 + 0 - 5*o + o. Suppose -4*y = 4*v, -16 = 4*y + v - 4. Let q be w(y). What is the greatest common divisor of 80 and q?
10
Let o(i) = i**2 + 15*i - 5. Let z(d) = -15*d + 6. Let v(g) = 2*o(g) + 3*z(g). Let q be v(10). What is the highest common factor of q and 29?
29
Suppose 4*h - 641 = a, 4*h + 5*a - 634 = 1. Calculate the highest common factor of h and 10.
10
Suppose -2*n = -4*g - 12, -2*n + g + 2*g + 17 = 0. Let y be -45 + 43 + 36/((-4)/(-2)). Calculate the greatest common factor of y and n.
16
Let a be (-3)/((18/(-10))/3). Suppose -2*u + 29 = s, -a*u + 2*s = 3*s - 77. Let p be (6/(-4))/(3/(-4)). What is the greatest common divisor of u and p?
2
Let z be (-1)/(-1) - (-1)/1. Suppose -5*c = -a + 4*a - 43, -2*c + 4*a + 12 = 0. What is the greatest common divisor of z and c?
2
Let c = 278 - 268. What is the greatest common divisor of 20 and c?
10
Let w(b) = -b**2 + 2*b + 9. Let y be w(4). Suppose j = -4, -2*j - 14 = -u + y. Calculate the greatest common factor of u and 56.
7
Let o = -8 - -10. Suppose 0 = o*z - z, -35 = -5*v - 3*z. What is the highest common divisor of v and 7?
7
Suppose 8*x = 1219 - 323. Calculate the highest common divisor of 72 and x.
8
Suppose 3*s = k + 280, s + 3*s - 382 = -3*k. What is the greatest common divisor of 329 and s?
47
Suppose 5*o + 4*w - 24 = -6, -5*o - w + 12 = 0. Suppose -2*a = -20 + o. What is the greatest common divisor of 9 and a?
9
Suppose 5*s + 3*m = 5 + 3, -5*m - 20 = 0. Let q be ((-3)/((-9)/s))/(8/816). What is the greatest common factor of 17 and q?
17
Suppose -b + 22 = -46. Let a(m) = 2*m**2 + 2*m - 7. Let w be a(3). Calculate the highest common divisor of b and w.
17
Let r = 16 + -12. Let x be r - 1716/(-16) - (-6)/8. Calculate the greatest common divisor of 14 and x.
14
Let d = -1138 + 649. Let h = 720 + d. Calculate the highest common divisor of 21 and h.
21
Let l(x) = -x**2 + 3*x**2 + 6*x**2 + 15 - 7*x**2 + 8*x. Let f be l(-7). Calculate the greatest common factor of f and 136.
8
Suppose -4*s = -8*s + 252. Suppose u - s + 55 = 0. Calculate the greatest common divisor of u and 2.
2
Let w(b) = b**3 + 11*b**2 - 14*b + 6. Let n = 17 - 29. Let h be w(n). Calculate the highest common divisor of h and 12.
6
Let s be 6142/37 - (4 + 1). Calculate the highest common factor of s and 7.
7
Suppose -o = -5*o + 96. Let w = 59 + -43. Calculate the greatest common divisor of w and o.
8
Suppose 0 = -3*s + 2*r + 170, -3*s + 5*s - 130 = -2*r. Suppose v + 80 = 3*v. What is the highest common divisor of s and v?
20
Suppose -4*f = -f - 45. Let p = -115 - -220. What is the highest common divisor of f and p?
15
Let z(s) = 2*s**2 - 8*s + 3. Let r be z(8). Let x = r - -185. What is the greatest common factor of x and 36?
36
Suppose -9*b = -988 - 398. Calculate the highest common divisor of b and 21.
7
Let o = -597 - -787. Calculate the highest common factor of 608 and o.
38
Suppose -104 = -2*c - 4*h, -c + 2*h = 19 - 63. Calculate the highest common divisor of c and 2.
2
Suppose -4*j - 45 = -3*j. Let p = -39 - j. Calculate the greatest common factor of 48 and p.
6
Let q = 116 + -111. Suppose -102 = -q*p - 12. What is the greatest common divisor of 288 and p?
18
Suppose -4*w = 5*h - 0*w - 2, 4*h = -4*w. Suppose -3*d = h*d - 50. Suppose -10 = -b + d. Calculate the greatest common factor of 10 and b.
10
Suppose 3*u + 4 = -2*o + 19, o + 3*u = 0. Let c = o + 1. Suppose 0 = -2*p - a - 4*a - 1, 4*a - c = -3*p. What is the greatest common factor of 24 and p?
12
Suppose -46 = 7*o - 8*o. Suppose -i + o = 3*q - 6*i, 2*q - 40 = i. What is the highest common divisor of q and 22?
22
Suppose -8*j = -11*j + 21. Suppose -46 = j*c - 718. What is the highest common divisor of c and 48?
48
Let s be (-9 - -103)*(-1)/2. Let z = 49 + s. Let t = 0 - -1. Calculate the greatest common divisor of t and z.
1
Let j be (0 - -2) + (92 - 16). Calculate the greatest common divisor of j and 2652.
78
Let l be 2/3 + 524/6. Let y(u) = -u**2 - 6*u - 4. Let m be y(-4). Suppose 3*x + 4*c - 45 = 0, x = 5*c - m - 0. What is the greatest common divisor of l and x?
11
Let f(y) = y**3 - y**2 - y - 1. Let n(v) = -3*v**3 - v**2 - 2*v - 1. Let q(w) = -3*f(w) + n(w). Let j be q(-2). What is the highest common divisor of 42 and j?
14
Let z(x) = x**2 + 4*x - 14. Let k be z(-6). Let f be 47 - (36/(-30))/(k/(-5)). Calculate the greatest common factor of f and 20.
10
Let u = 8 - 3. Let b(c) = u - 5 - 18*c. Let m be b(-1). Calculate the greatest common factor of m and 198.
18
Suppose -29 = -u - 2*q, 5*u - 11*q + 14*q - 117 = 0. Calculate the greatest common divisor of u and 51.
3
Let n = 556 - -3. What is the highest common factor of n and 13?
13
Let o be 1/(-7) - (-203)/49. Suppose 2*g + k = 22, -k = k - o. Calculate the greatest common factor of 30 and g.
10
Suppose z = 3*s + 5*z - 38, 4*z - 18 = -s. Suppose -5*c = 4*a - 69 - 51, -c + 150 = 5*a. What is the highest common factor of s and a?
10
Let v(g) = g**2 - 24*g - 4. Let y be v(25). Calculate the highest common divisor of 7 and y.
7
Let k be (5 - 327/6)/((-2)/4). Suppose 4*r - 5*j = -2*j + 39, r = -3*j + 6. Calculate the highest common divisor of k and r.
9
Let n(j) = -j**3 - 30*j**2 + 65*j + 65. Let m be n(-32). Calculate the greatest common divisor of m and 22.
11
Suppose j + 3*r - 5 = 0, -5*r = 11 - 16. What is the greatest common divisor of 46 and j?
2
Suppose 5*f - 806 = -36. Suppose -b - 1 = 5*u, 6*u = 2*b + 11*u - 13. What is the greatest common factor of f and b?
14
Suppose -2*i + 17 = -11. Let n = 169 - -153. Calculate the greatest common divisor of n and i.
14
Let z(g) = -g**3 + 15*g**2 - 12*g + 12. Let y be z(14). Suppose -4*f + 5*f + 5*w = 50, 44 = f + 2*w. Calculate the greatest common factor of y and f.
40
Suppose 5*c = -2*a + 163, 0 =